a - 65, -r + 0*a + 3*a = -31. Let c = -21 + r. List the prime factors of c.
13
Let w be (-66)/4*(-7 + 1). Suppose 4*v = 37 + w. Suppose 0 = 4*q - 6 - v. What are the prime factors of q?
2, 5
Let y = 7 + -2. Suppose -3*t + 135 = y*g, -g = -4*t + g + 180. Suppose 2*m = -m + t. What are the prime factors of m?
3, 5
Let h(k) = k**2 - 2*k - 5. Let o(p) = -p**2 + p + 4. Let x(c) = -4*h(c) - 5*o(c). Let w be x(-4). Suppose -w*l + 19 + 29 = 0. What are the prime factors of l?
2, 3
Let b be (18/(-4))/(12/16). Let n = b + 9. Suppose -4*o + 8 = 2*g, -2*g - 4 = -n*o - 5. What are the prime factors of g?
2
Let d(i) = 5*i + 7*i + 0 + 3 + i**2. Suppose -h - 13 = -0*h. What are the prime factors of d(h)?
2
Suppose 0 = -6*v + 272 + 232. List the prime factors of v.
2, 3, 7
Let p = 224 - 110. List the prime factors of p.
2, 3, 19
Let f(q) be the first derivative of -q**3/3 + 6*q**2 + 15*q + 1. What are the prime factors of f(12)?
3, 5
Let l be 7*(2 - (-3)/(-3)). Let u(f) be the second derivative of f**3/6 + 7*f**2/2 + f. What are the prime factors of u(l)?
2, 7
Suppose 0 = 7*w - 3*w + 8. What are the prime factors of (-20)/(-4) + 2/w?
2
Suppose a + a - 296 = 0. List the prime factors of a.
2, 37
Let p(b) = 98*b + 7. What are the prime factors of p(4)?
3, 7, 19
Suppose -256 = 2*g - 4*g. Suppose -4*q + g = 4*r, -q + 94 = 3*r + 3*q. What are the prime factors of r?
2, 17
Let t = 6 - 1. Let m = t - 2. Suppose 20 = m*d + d. What are the prime factors of d?
5
Let p(q) = 3*q + 4. Let y be p(5). Suppose -k - 5*r = -0*r + 19, -2*k - 3*r - 10 = 0. Suppose 5*l - k = y. List the prime factors of l.
2
Suppose 7*v = 3*v + 12. Let d(m) = 2*m**2 + 0*m**2 + 2 + 3*m**3 - 4*m**v. What are the prime factors of d(2)?
2
Suppose 6*u - 21 - 21 = 0. List the prime factors of u.
7
Let x = -23 - -67. Suppose a = 3*g, -5*a + g + x = -12. What are the prime factors of a?
2, 3
Let i(s) be the second derivative of -2*s**3 + s**2 - 7*s. List the prime factors of i(-4).
2, 5
Let q(m) = m**2 + 4*m - 3. Let v be q(-5). Suppose 0 = v*t + t - 21. List the prime factors of t.
7
Let n(z) = -2*z + 2. Let l be n(-3). Suppose -l + 1 = -j. Let h = -5 + j. List the prime factors of h.
2
Let t(a) = -a**3 + 9*a**2 - 8*a + 6. Suppose -3*j = -i - i + 19, 3*j - 5 = -i. What are the prime factors of t(i)?
2, 3
Let j(k) = -k**3 + 11*k**2 + 5*k + 11. What are the prime factors of j(11)?
2, 3, 11
Suppose 0 = -4*v + j + 12, -6 = -2*v + 2*j - j. Let h(l) = 2*l - 1. Let d be h(2). Suppose 24 = v*i - d*k, k + 2*k = -9. What are the prime factors of i?
5
Suppose -5*b - 38 - 32 = 0. Let l(c) = c**2 + 7*c - 5. Let a be l(-10). Let z = a + b. List the prime factors of z.
11
Let v(k) be the third derivative of 1/60*k**5 + 0 + 2*k**2 + 0*k + 1/24*k**4 + 0*k**3. List the prime factors of v(3).
2, 3
Let v(x) = -6*x**3 - 4*x - 2*x**2 + 9*x + 5*x**3 + 3. What are the prime factors of v(-4)?
3, 5
Let o = 6 + -10. Let n = o + 9. List the prime factors of n.
5
Suppose -s = 4*s - 10. Suppose 0*v = 5*v - 180. Suppose -5*b + 45 = l, -4*b - l + v = -s*l. What are the prime factors of b?
3
List the prime factors of 217/(-35) - -6 - 1642/(-10).
2, 41
Suppose 8*j - 364 = 3*j + 3*z, -306 = -4*j - 5*z. What are the prime factors of j?
2, 37
Suppose 2*b - 69 = -i + 9, -3*i = -2*b - 218. List the prime factors of i.
2, 37
Let l(r) = -r**3 - 3*r**2 - r - 2. Let g be l(-3). Let d be g/4 - (-35)/4. Let s = -3 + d. List the prime factors of s.
2, 3
Let y(p) = -p**2 + 11*p - 3. Let b be y(7). Let f = 45 - b. What are the prime factors of f?
2, 5
Let k = 4 + 1. Suppose -d + 20 = 4*i, -k*d + 18 = -2*i + 6. List the prime factors of i.
2
Let h(f) = -f**3 - 12*f**2 - 23*f - 25. List the prime factors of h(-12).
251
Let k = -8 + 12. Suppose -95 = -w - k*w. What are the prime factors of w?
19
Let l = -4 - -6. Suppose -l*h = 2*d + 2*h - 22, -d - 4*h + 11 = 0. Let c = d - 8. What are the prime factors of c?
3
Let s(p) = p**3 - p**2 + 8*p - 2. What are the prime factors of s(6)?
2, 113
Let j = -60 - -65. What are the prime factors of j?
5
Suppose -2*y = 4, x = -2*y + 38 + 9. List the prime factors of x.
3, 17
Let m = 16 - 26. List the prime factors of (46/10)/((-2)/m).
23
Suppose p = -0*p + 11. Suppose -4*r = -p - 5. What are the prime factors of r?
2
Suppose -4*d = 3*o - 4, -4*o - o - 20 = 0. List the prime factors of d.
2
Suppose 2*a - 45 = -11. Let u be 3/(-2)*-4*-1. Let n = a + u. What are the prime factors of n?
11
List the prime factors of (-4)/6 + (1 - 42/(-9)).
5
Let a be (-9)/(-4)*(5 - 13). List the prime factors of (a/5)/(6/(-20)).
2, 3
Let l be (-32)/(-18) + (-2)/(-9). Suppose 0 = -5*g - h + 105, l*h + 30 = 2*g - 0*h. What are the prime factors of g?
2, 5
Suppose 2*k - 746 = 4*m, 2*k - m = m + 750. List the prime factors of k.
13, 29
Let q be -1 - (0/1 - 6). Suppose -t = -2*n - q*t - 2, -n + 11 = -4*t. List the prime factors of n.
3
Suppose -124 = -5*x - 39. List the prime factors of x.
17
Suppose -309 = 2*i - 35. Let a = -92 - i. Suppose 0 = -5*s - 0*s + a. List the prime factors of s.
3
Suppose 6*f = -0*f + 252. List the prime factors of f.
2, 3, 7
Suppose j - 3 = -5. Let m(v) = -v**2 - 1. Let f(z) = -3*z**2 + 9*z - 11. Let n(h) = j*m(h) + f(h). What are the prime factors of n(6)?
3
Let o be 1/(2/4)*2. Suppose -o*v + 15 = -9*v. What are the prime factors of (3/v + 2)*18?
2, 3
Suppose -4*p - 3*h + 1590 = 0, -2*p = -7*p - 2*h + 1984. List the prime factors of p.
2, 3, 11
Suppose -2*n - 8 = 0, 2*q - 28 = -7*n + 2*n. What are the prime factors of q?
2, 3
Let j be -1 + (-1 - (2 - -1)). List the prime factors of (1 + j)*1/(-2).
2
Let m be (-2)/(-5) + (-198)/(-5). Let a be (1 + -1 + 0)/2. Suppose 4*y = -a*y + m. List the prime factors of y.
2, 5
Suppose 159 - 684 = -5*z. What are the prime factors of z?
3, 5, 7
Let y(n) = n**3 + 2*n**2 - 4*n - 3. Let p be y(-2). Suppose -4*c + 2*b - 6*b + 44 = 0, p*c - 63 = -b. What are the prime factors of c?
13
Let m(b) = -3*b. Let k be m(-1). Suppose -2*w = -k*i - 3*w + 35, 2*w + 50 = 4*i. List the prime factors of i.
2, 3
Let w(x) = 15*x**3 + x**2 + 1. List the prime factors of w(2).
5
Let i be ((-4)/6)/((-2)/381). Suppose -4*k = 3 + 1, -5*t = 3*k - i. Let v = t - 15. List the prime factors of v.
11
Let j be (-2)/(-3) - 56/(-6). Let z be 1/2 + j/(-4). List the prime factors of (-702)/(-45) + z/(-5).
2
Suppose -4*c = 4*t - 68, 4*c - 3*t = -0*t + 40. List the prime factors of c.
13
Suppose 5*z + 2*p = -0*p + 48, -3*z - p + 28 = 0. Suppose -k - k = -z. Suppose 2*s + a = k*s - 17, -2*s - 2*a = -8. What are the prime factors of s?
7
Let a(j) = -j**2 - 4*j + 3. Let p be a(-4). Let t be 2/3 + 7/p. Suppose 6*o = o - t*i + 35, -25 = -2*o + i. What are the prime factors of o?
2, 5
Suppose -x - 1 = -3*p, -4*p - 4 + 0 = -4*x. What are the prime factors of x?
2
Let d = -59 + 99. Let o(s) = s**2 - 3*s - 7. Let x be o(5). Suppose x*b = -b + d. List the prime factors of b.
2, 5
Let x = 286 - 172. List the prime factors of x.
2, 3, 19
Suppose 0 = 2*a - 5*r - 11, -4*r = a + 10 + 4. Let n be 1/1*a + 2. Suppose -4*o + 24 + 12 = n. List the prime factors of o.
3
Let m be (-12)/16*4/1. Let y = m + 2. Let f(n) = -10*n + 1. List the prime factors of f(y).
11
Let s = -6 + 8. Let r = 1 + s. Suppose 9 + 3 = r*w. What are the prime factors of w?
2
Let m(w) be the first derivative of w**3/3 - w**2/2 - 5*w - 2. Let s be m(0). Let b(d) = -d + 4. List the prime factors of b(s).
3
Let k = -114 - -167. What are the prime factors of k?
53
Suppose -3*t + 3*x = 2*x, 5*t = 2*x. Let l(f) = -7*f**2 - 5*f + 11. Let a(i) = 13*i**2 + 9*i - 21. Let r(h) = -6*a(h) - 11*l(h). List the prime factors of r(t).
5
Let t = -7 - -7. Suppose t = f + f - 10. Suppose -3*i = 0, -f*x = i + 2*i - 40. What are the prime factors of x?
2
Suppose -4*d = -d - 15, 0 = 3*o + 3*d - 318. What are the prime factors of o?
101
Suppose -5*l = -2*l. Suppose l = -g - 2*f - 3, -3*g + 5*f + 20 + 15 = 0. What are the prime factors of g?
5
Suppose 0 = w + 1 - 3, 5*r - 2 = 4*w. Let m(j) = -r - 2*j + 2 - j**3 - j**2. List the prime factors of m(-2).
2
Let q(y) = y**3 - 1. Let f be q(-3). Let b = 4 + f. List the prime factors of 21/2*b/(-18).
2, 7
Suppose -5*q = -8*q + 642. What are the prime factors of q?
2, 107
Suppose -g = 4*g + 30. Let v = 6 + -6. What are the prime factors of (-2)